*p + 21*p = 7. Let y be v(p). Give r(y).
1
Let b(n) = n**3 - 5*n**2 - 7*n + 8. Let h(p) = p**2 + 6*p - 1. Let t be h(1). Calculate b(t).
2
Let x be 0/((-7)/(-35) + (-4)/(-5)). Let h(k) be the second derivative of x - 1/12*k**4 + 1/6*k**3 + 3*k + 1/2*k**2. What is h(-1)?
-1
Let u(b) = b**2 + 7*b - 14. Let l be u(-9). Let s be 16/l + -2 + 3. Let f(a) = -a + 4. Give f(s).
-1
Let t(s) = s - 1. Suppose -8 = -4*m + 4. Let b(n) = 4*n - 4. Let i(l) = m*t(l) - b(l). Let k be (((-160)/(-28))/20)/(4/98). Determine i(k).
-6
Suppose -7 = 5*k - w, 3*k + 11 + 0 = 4*w. Let h(a) = 5*a**2 + a + 1. Calculate h(k).
5
Let r(q) = -3 - 4*q - 2*q**2 - 3*q + 4*q + 5*q. Suppose 5*v + 37 = 4*b, -7*b + 2*b = 5*v + 10. Determine r(b).
-15
Let v = -143 + 138. Let f(b) = -b**3 - b**2 + b + 1. Let n(k) = -7*k**3 - 10*k**2 + 10*k + 2. Let g(a) = 6*f(a) - n(a). What is g(v)?
-1
Let q(z) = -z**2 + 3*z + 2. Let n(o) = o**2 - 2*o - 3. Let y(h) = 4*n(h) + 5*q(h). Let g be y(6). Let t(b) = -b + 3. Calculate t(g).
-1
Let x(v) be the second derivative of v**4/12 - 5*v**3/3 - 15*v**2/2 + 10*v + 4. Give x(10).
-15
Let c(k) be the third derivative of -k**4/24 - 8*k**3/3 - 2*k**2 + 57*k. Suppose 2 = m + 10. What is c(m)?
-8
Let a(d) = -5*d. Let n(k) be the second derivative of -k**3/6 + k**2/2 + 14*k. Let r = -4 + 5. Let q(z) = r*a(z) - 3*n(z). Give q(-2).
1
Let p(d) = -17*d. Let s be 48/(-16)*2/3. Let f = s - -7. Suppose -f*o + 0 = 5. Calculate p(o).
17
Suppose -3*c = -2*c + 1, 3*r + 5*c = -38. Let g(x) = x**3 + 10*x**2 - 11*x + 9. Give g(r).
9
Let v = 28 + -44. Let d(m) = m**2 + 17*m + 12. Determine d(v).
-4
Let r(j) be the third derivative of -j**4/4 - j**3/2 + 107*j**2 + 1. Give r(6).
-39
Let k(p) = 5*p + 5 + p**2 - 4 + 0. Let j(r) = -1 - 3*r**3 + 2*r**2 + 3*r**3 + 2*r**3 - 2*r - r**3. Let n be j(-3). Give k(n).
-3
Let g(b) = -15*b - 3. Let u(q) = 5*q + 1. Let h be 3 - (24/(-10))/(8/(-20)). Let p(n) = h*g(n) - 8*u(n). Give p(-1).
-4
Let s(z) = z**2 + 4*z. Let b(w) = -5*w - 10. Let u be b(-3). Suppose 4*g + 0*x = u*x + 13, 0 = 2*g - 3*x - 9. Calculate s(g).
-3
Let k(l) = 7*l + 6. Let y = -3 - -5. Suppose 3*h = y*i + 2*h + 16, 0 = 4*i + 2*h + 16. Let g(s) = s. Let j(n) = i*g(n) + k(n). What is j(-3)?
3
Let x(a) = a + 5. Let o(b) = 3*b**2 + b + 1. Let f be o(-3). Suppose 0 = 3*s + 5*y - f, -2*y = -s - 0*y + 1. Let k be (1 - 1)*s/(-5). Determine x(k).
5
Let f(r) = 2*r + 2*r**2 - 177 + 178 - r**2. What is f(-1)?
0
Suppose -27*w - 31 + 112 = 0. Let c(b) = 2*b**2 - 12*b + 17. Calculate c(w).
-1
Let v(k) = k + 8. Let t(q) = 3*q**2 + 33*q + 69. Let a be t(-8). Calculate v(a).
5
Suppose 4*z - 8 = 0, -3*g - z - 43 = -63. Let d(y) = 5*y + 7. Let p(h) = 14*h + 21. Let l(c) = -17*d(c) + 6*p(c). What is l(g)?
1
Let q be ((-12)/((-780)/91))/((-1)/(-5)). Let u(i) = -5*i + 30. Determine u(q).
-5
Let i(c) = 10*c - 3. Let g(a) = -18*a + 6. Let f(p) = -6*g(p) - 11*i(p). Calculate f(-8).
13
Let b(z) = -z**3 + 7*z**2 - 10*z + 13. Let w = -332 + 338. What is b(w)?
-11
Let d(h) = -2*h**3 - 18*h**2 - 14*h + 18. Let k be d(-8). Let v(r) = 59*r - 6*r**2 + r**3 - 62*r - k*r**3 - 5. Give v(-5).
-15
Let y(u) = -u**2 + 7*u. Let h be y(6). Let o(a) = -7*a - 81. Let n be o(-12). Let w be (4/n)/((-2)/h). Let x(f) = 2*f. What is x(w)?
-8
Let v = -465 - -466. Let w(i) = 28*i. Give w(v).
28
Let q(g) = g**2 - 9*g + 11. Let n = -87 + 95. What is q(n)?
3
Let v(n) be the second derivative of -2*n**3/3 + 9*n**2/2 - n + 144. What is v(-4)?
25
Let j = 94 + -89. Let x(p) = -2*p - p**2 + j*p**2 + 3 - 4*p**2 + 2*p**2. Calculate x(2).
7
Suppose -16 + 12 = 4*t. Let z(g) = 3*g**3 + g**2 - g - 1. Give z(t).
-2
Let v(m) = -2*m**3 - 8*m**2 + m + 3. Let y(l) = 4*l**3 + 17*l**2 - 3*l - 7. Let u(n) = -7*v(n) - 3*y(n). Determine u(-3).
-15
Let l(r) be the first derivative of -r**4/4 + 11*r**3/3 - r**2/2 + r - 70. Determine l(11).
-10
Let p(y) = -y**3 + 3*y**2 + 6*y - 2. Let i = 64 - 67. Let j be ((-95)/(-35) + i)*-14. Give p(j).
6
Suppose 5*z - 23 = -u, -6 = -3*z - u + 9. Suppose z*r - 52 = -80. Let h(p) = p**3 + 8*p**2 + 8*p + 3. What is h(r)?
-4
Let x(q) = q**2 + 10*q + 12. Let b be x(-9). Let j(d) = -37*d - b + 0 + d**2 + 16*d + 16*d. Give j(5).
-3
Let j(i) = -i + 2*i**2 - 1 + 3*i - i**2. Let r(v) = -v**2 + 13*v - 12. Let m be r(12). Suppose 1 = 4*b + k, -k - 5 + 2 = m. What is j(b)?
2
Let b = 8 + -6. Suppose -4*t - 6 = b. Let l(d) = -2*d - 3. What is l(t)?
1
Let x(h) = -6*h - 10. Let g(q) be the third derivative of -q**4/12 - q**3/2 + 5*q**2. Let o(f) = 7*g(f) - 2*x(f). Give o(5).
-11
Let u(r) = 3*r**2 - 5*r - 6. Let a(b) = 3*b**2 - 8*b - 8. Let x(p) = -3*a(p) + 4*u(p). Determine x(-4).
32
Let s(v) = 3*v**2 - 2*v - 2. Let u(d) = 3*d + 6. Let a be u(-3). Let x(g) = g**3 - 3*g**2 + 3*g + 3. Let p(k) = a*s(k) - 2*x(k). Calculate p(-2).
4
Suppose -3*z + 15 = 0, 12 + 6 = 4*m + 2*z. Let f(n) be the second derivative of n**5/20 - n**4/3 + n**3/2 - n**2/2 - 530*n. Determine f(m).
-3
Let f = 35 + 0. Let h be f/28 - 3/12. Let v(m) = 25*m**2 + m. Determine v(h).
26
Let n(v) = 0*v**3 + 10 + 18*v**2 + 0*v**3 + 12*v + 4*v**3 - 3*v**3 - 6*v**2. What is n(-11)?
-1
Let m(r) = 13*r - 17. Let l(i) = 5*i - 3. Let n(v) = 2*l(v) - m(v). Give n(5).
-4
Let b(j) = 5*j + 44. Let v be 3/(-6)*18 + (-1)/(-1). Determine b(v).
4
Suppose -68 - 2 = 7*n. Let w(p) = p**3 + 10*p**2 - p - 4. Determine w(n).
6
Let t(n) = 8*n**2 + 3*n + 24. Let y(h) = -13*h**2 - 4*h - 36. Let i(z) = 8*t(z) + 5*y(z). Calculate i(6).
0
Suppose 3 = -7*o + 3. Let p(j) = 40*j + o + 1 - 36*j. Suppose 0 = 3*g - g + 4. Calculate p(g).
-7
Let o(h) = -4*h**2 - 2 + 1 + 2 + h**3. Let w = -174 - -177. Calculate o(w).
-8
Let n be 2/(-3) - 40/(-6). Suppose 0 = -j - n. Let c(a) = -10*a + 16. Let k(h) = 13*h - 18. Let r(s) = -5*c(s) - 4*k(s). Calculate r(j).
4
Let r(q) = -5*q + 9. Let d be (-1 + (-3)/(-6))*-14. What is r(d)?
-26
Let b(g) = -g - 11. Let r be b(-4). Let c(n) = 11*n - 2 + n**3 + 6*n**2 - 19*n - 1. Calculate c(r).
4
Let p(u) = -2*u**2 + 7*u + 1. Let d(s) = 2*s**2 - 5*s**2 - 4*s + 5*s**2 - s**2. Let t(c) = 7*d(c) + 3*p(c). What is t(5)?
-7
Suppose 2*z + 20 = -0*z + 4*o, 5*z + 5*o = 25. Suppose z = -5*d + 5*d - 8*d. Let m(p) = p**3 - p**2 - 24. Give m(d).
-24
Let x(n) = -n**2 - 4*n - 3. Suppose 6 = -w + 3. Let a be -2*1/w - (-476)/(-84). Give x(a).
-8
Let o(z) = -z - 1. Let u(m) = 1. Let d be ((-10)/5)/(0 + -1). Let w(r) = d*u(r) + 3*o(r). Let i be 2 - 5 - (2 - 1). Give w(i).
11
Let x be (-1)/((-3)/3) - (0 - 3). Let y(l) = 3*l**2 - 4*l + 4. What is y(x)?
36
Let h(v) be the first derivative of v**3/3 + 4*v - 2. Let b = -12 - -15. Suppose u = s + b, -4*u - s - 3 = u. Give h(u).
4
Let i(w) = w + 38. Let f be i(-30). Let a(v) = -7 + 2*v - 8 - 6 + f. Give a(9).
5
Let g(p) be the third derivative of p**6/40 - p**5/20 - p**4/8 - p**3/2 - 724*p**2. Give g(-2).
-33
Let v(a) = -7*a**2 + a - 9. Let m(g) = -4 + 157*g**2 + 2*g - 1 - g - 161*g**2. Let o(f) = -5*m(f) + 3*v(f). Calculate o(-3).
-5
Let o(g) = -43. Let k(i) = i**2 + 3*i + 127. Let v(x) = k(x) + 3*o(x). Let y = -20 - -14. What is v(y)?
16
Let p(a) = -15*a**2 - 13. Let h(n) = -3*n**2 - 3. Let f(v) = 9*h(v) - 2*p(v). Let b(t) = 2*t**2 - t**2 + 0 - 1 + 4*t. Let k be b(-4). What is f(k)?
2
Let l = 13 - 14. Let m be l/(-3)*(2 - -22). Suppose 0 = -5*f - m + 3. Let a(w) = -6*w + 1. Calculate a(f).
7
Let l(b) = -1 + 3*b + 5 + b**3 + 7*b**2 + 3*b. Suppose 0 = -0*z - 4*z. Suppose z = -0*d + 8*d + 48. Calculate l(d).
4
Let u(s) = -s**2 + 8*s - 5. Let f be u(8). Let k(n) = n**2 - 6*n + 6. Let c(j) = 6*j**2 - 31*j + 30. Let v(g) = -2*c(g) + 11*k(g). Calculate v(f).
1
Let c(t) = -t**3 - 5 + 8*t**3 + t**2 + 0*t**3 - t**3 - 5*t**3. Let b = -2 + 2. Calculate c(b).
-5
Let s(i) = i**3 - 7*i**2 - i + 11. Let m be s(7). Let y(x) = -4*x - m + 2 + 5*x. Suppose -4 = 4*v + 5*a, 4*v - 3*a - 12 = -4*a. Determine y(v).
2
Let g(i) = 4*i - 5. Let z(p) = -p + 3. Let r(v) = g(v) + 3*z(v). Calculate r(-6).
-2
Let x(q) = -q**3 - 6*q**2 - q - 4. Let y be x(-6). Let d(m) = m**y - 11 + 3 + 7 - 2*m. Let a(r) = -r**2 - 6*r - 5. Let t be a(-4). What is d(t)?
2
Let h(x) be the third derivative of -x**8/3360 - x**7/5040 + x**6/720 + x**5/30 + 8*x**2. Let t(b) be the third derivative of h(b). Give t(1).
-6
Let o = 12 - 7. Let x be (o/3)/((-1)/3). Let v(k) = 15*k - 14*k - 38 + 44. What i